{"id":54,"date":"2021-06-24T12:45:05","date_gmt":"2021-06-24T12:45:05","guid":{"rendered":"http:\/\/cliniqueinternationale-agadir.com\/?page_id=54"},"modified":"2023-04-18T13:41:35","modified_gmt":"2023-04-18T13:41:35","slug":"contact","status":"publish","type":"page","link":"https:\/\/cliniqueinternationale-agadir.com\/index.php\/contact\/","title":{"rendered":"Contact"},"content":{"rendered":"\n<p>Ci-dessous nos coordonn\u00e9es pour entrer en contact \u00e0 tout moment avec les m\u00e9decins de la Clinique Internationale, par t\u00e9l\u00e9phone, fax ou mail.<\/p>\n\n\n\n<p><em><strong>Adresse<\/strong><\/em>&nbsp;: Avenue Elfid, Quartier Illigh, Agadir<\/p>\n\n\n\n<p><em><strong>T\u00e9l\u00e9phone<\/strong><\/em>&nbsp;<em><strong>:<\/strong><\/em>&nbsp;+212 5 28 84 08 08<\/p>\n\n\n\n<p><em><strong>Fax<\/strong>&nbsp;<\/em>: +212 5 28 84 04 04<\/p>\n\n\n\n<p><em><strong>Mail<\/strong>\u00a0<\/em>:  clinicinternationalagadir@gmail.com<\/p>\n\n\n\n<p><\/p>\n\n\n\n<p><\/p>\n\n\n\n<iframe src=\"https:\/\/www.google.com\/maps\/embed?pb=!1m18!1m12!1m3!1d27526.010529949235!2d-9.6115965805446!3d30.41479679542609!2m3!1f0!2f0!3f0!3m2!1i1024!2i768!4f13.1!3m3!1m2!1s0xdb3b78b93e2a2d9%3A0xb7ec0dc19b4442b1!2sClinique%20Internationale!5e0!3m2!1sfr!2sma!4v1636724560045!5m2!1sfr!2sma\" width=\"600\" height=\"450\" style=\"border:0;\" allowfullscreen=\"\" loading=\"lazy\"><\/iframe>\n","protected":false},"excerpt":{"rendered":"<p>Ci-dessous nos coordonn\u00e9es pour entrer en contact \u00e0 tout moment avec les m\u00e9decins de la Clinique Internationale, par t\u00e9l\u00e9phone, fax [&hellip;]<\/p>\n","protected":false},"author":1,"featured_media":73,"parent":0,"menu_order":0,"comment_status":"closed","ping_status":"closed","template":"","meta":[],"_links":{"self":[{"href":"https:\/\/cliniqueinternationale-agadir.com\/index.php\/wp-json\/wp\/v2\/pages\/54"}],"collection":[{"href":"https:\/\/cliniqueinternationale-agadir.com\/index.php\/wp-json\/wp\/v2\/pages"}],"about":[{"href":"https:\/\/cliniqueinternationale-agadir.com\/index.php\/wp-json\/wp\/v2\/types\/page"}],"author":[{"embeddable":true,"href":"https:\/\/cliniqueinternationale-agadir.com\/index.php\/wp-json\/wp\/v2\/users\/1"}],"replies":[{"embeddable":true,"href":"https:\/\/cliniqueinternationale-agadir.com\/index.php\/wp-json\/wp\/v2\/comments?post=54"}],"version-history":[{"count":10,"href":"https:\/\/cliniqueinternationale-agadir.com\/index.php\/wp-json\/wp\/v2\/pages\/54\/revisions"}],"predecessor-version":[{"id":155,"href":"https:\/\/cliniqueinternationale-agadir.com\/index.php\/wp-json\/wp\/v2\/pages\/54\/revisions\/155"}],"wp:featuredmedia":[{"embeddable":true,"href":"https:\/\/cliniqueinternationale-agadir.com\/index.php\/wp-json\/wp\/v2\/media\/73"}],"wp:attachment":[{"href":"https:\/\/cliniqueinternationale-agadir.com\/index.php\/wp-json\/wp\/v2\/media?parent=54"}],"curies":[{"name":"wp","href":"https:\/\/api.w.org\/{rel}","templated":true}]}}